{"id":27,"date":"2024-02-07T21:44:53","date_gmt":"2024-02-07T20:44:53","guid":{"rendered":"http:\/\/ppj34.fr\/?page_id=27"},"modified":"2024-03-08T09:46:33","modified_gmt":"2024-03-08T08:46:33","slug":"nos-metiers","status":"publish","type":"page","link":"http:\/\/www.ppj34.fr\/index.php\/nos-metiers\/","title":{"rendered":"Nos M\u00e9tiers"},"content":{"rendered":"\n<p><\/p>\n\n\n\n<h1 class=\"wp-block-heading\"><strong>Am\u00e9nagement parcs et jardins<\/strong><\/h1>\n\n\n\n<p>Des jardins priv\u00e9s en Copropri\u00e9t\u00e9, \u00e0 la cr\u00e9ation de v\u00e9ritables parcs paysagers pour le compte de Villes ou D\u00e9partements, Paysages Parcs et Jardins est devenu un partenaire \u00ab\u00a0espaces verts\u00a0\u00bb incontournable pour les promoteurs immobiliers de Montpellier et ses alentours. Tous\u00a0les plus grands promoteurs nous font confiance et ont reconnu notre expertise au fil des ann\u00e9es, ce qui nous permet d\u2019afficher actuellement\u00a0plus de 10 programmes en cours de r\u00e9alisation dans l\u2019H\u00e9rault.<\/p>\n\n\n\n<p>La qualit\u00e9 d\u2019une r\u00e9alisation d\u2019espaces verts s\u2019appr\u00e9cie la plupart du temps, entre 5 ans et 10 ans apr\u00e8s les travaux.<br>Notre r\u00f4le d\u2019homme de l\u2019art est donc de nous&nbsp;projeter dans l\u2019avenir&nbsp;pour imaginer ce que deviendra votre projet \u00e0 maturit\u00e9, lorsque les v\u00e9g\u00e9taux auront atteint leur taille adulte.<\/p>\n\n\n\n<p>Dans une approche similaire, notre regard de paysagiste doit vous aider \u00e0 utiliser les \u00ab&nbsp;bons mat\u00e9riaux&nbsp;\u00bb pour atteindre les buts recherch\u00e9s :&nbsp;une vue \u00e0 masquer, une vue \u00e0 am\u00e9nager, une vue \u00e0 mettre en valeur\u2026<\/p>\n\n\n\n<h1 class=\"wp-block-heading\"><strong>Toiture v\u00e9g\u00e9talis\u00e9e<\/strong><\/h1>\n\n\n\n<p>La v\u00e9g\u00e9talisation est r\u00e9alisable sur les toitures terrasses ou en pente jusqu\u2019\u00e0 60\u00b0 environ.<\/p>\n\n\n\n<p>Il existe diff\u00e9rentes sortes de toitures v\u00e9g\u00e9talis\u00e9es :&nbsp;extensive, semi-intensive ou intensive.<\/p>\n\n\n\n<ul class=\"wp-block-list\">\n<li>La&nbsp;toiture v\u00e9g\u00e9talis\u00e9e extensive&nbsp;met en \u0153uvre des plantes de type mousses qui n\u00e9cessitent tr\u00e8s peu d\u2019entretien. Elle a un substrat de faible \u00e9paisseur (5 \u00e0 15cm) et de faible charge (70 \u00e0 170kg\/m2). Elle peut donc \u00eatre pos\u00e9e sur une structure l\u00e9g\u00e8re.<\/li>\n\n\n\n<li>La&nbsp;toiture v\u00e9g\u00e9talis\u00e9e semi-intensive ou intensive&nbsp;est compos\u00e9e de plantes du type de celles qu\u2019on peut trouver au sol, qui n\u00e9cessitent un entretien (arrosage, coupe). Son substrat a une \u00e9paisseur plus cons\u00e9quente (15 \u00e0 60cm) et une charge (170 \u00e0 970kg\/m2) qui n\u00e9cessite une structure porteuse cons\u00e9quente.<\/li>\n<\/ul>\n\n\n\n<p>Le choix du type de v\u00e9g\u00e9talisation n\u00e9cessite un calcul de charge support\u00e9e par la toiture. Les toitures v\u00e9g\u00e9talis\u00e9es permettent par la qualit\u00e9 de leur mise en \u0153uvre et par les ombres port\u00e9es, de&nbsp;renforcer l\u2019isolation thermique&nbsp;de la toiture. Elles contribuent \u00e9galement \u00e0&nbsp;diminuer les nuisances sonores&nbsp;en absorbant une partie des bruits.<\/p>\n\n\n\n<p>Les v\u00e9g\u00e9taux&nbsp;pi\u00e8gent aussi une partie des polluants atmosph\u00e9riques.<\/p>\n\n\n\n<p>Un d\u00e9sherbage est n\u00e9cessaire une \u00e0 deux fois par an pour arracher les plantes ligneuses, il convient de v\u00e9rifier les sorties d\u2019eaux pluviales. Hors p\u00e9riode de s\u00e9cheresse prolong\u00e9e (plus de 30 jours), les toitures de v\u00e9g\u00e9talisation extensive ne n\u00e9cessitent pas d\u2019arrosage.<\/p>\n\n\n\n<h1 class=\"wp-block-heading\"><strong>Mur v\u00e9g\u00e9talis\u00e9<\/strong><\/h1>\n\n\n\n<p>Le mur v\u00e9g\u00e9talis\u00e9 s\u2019installe \u00e0 l\u2019int\u00e9rieur comme \u00e0 l\u2019ext\u00e9rieur et sur tout support.<\/p>\n\n\n\n<p>Le proc\u00e9d\u00e9 de&nbsp;mur v\u00e9g\u00e9tal&nbsp;est&nbsp;autonome et consomme tr\u00e8s peu d\u2019eau. En effet l\u2019arrosage et la fertilisation sont int\u00e9gr\u00e9s et se font automatiquement sans aucunes interventions r\u00e9guli\u00e8res.<\/p>\n\n\n\n<p>En \u00e9t\u00e9, l\u2019ensoleillement est r\u00e9duit. Si le mur supporte directement la v\u00e9g\u00e9tation, l\u2019\u00e9vapotranspiration&nbsp;refroidit significativement le mur en \u00e9t\u00e9.<\/p>\n\n\n\n<p>En hiver, ce couvert v\u00e9g\u00e9tal joue un&nbsp;v\u00e9ritable r\u00f4le d\u2019isolant, en ass\u00e9chant les fondations et en prot\u00e9geant les murs de la pluie (gr\u00e2ce \u00e0 l\u2019orientation des feuilles et \u00e0 leur densit\u00e9 dans le cas du lierre), il les rend plus&nbsp;isolants.<\/p>\n\n\n\n<p>Il prot\u00e8ge le b\u00e2timent contre l\u2019effet corrosif des pollutions urbaines et contre l\u2019humidit\u00e9.<\/p>\n\n\n\n<h1 class=\"wp-block-heading\"><strong>Petite ma\u00e7onnerie<\/strong><\/h1>\n\n\n\n<p>Vous pourrez d\u00e9limiter des surfaces pour faire de votre jardin&nbsp;un ensemble structur\u00e9 correspondant \u00e0 vos go\u00fbts et lui donner de la personnalit\u00e9.<\/p>\n\n\n\n<p>La petite ma\u00e7onnerie consiste \u00e0&nbsp;embellir votre jardin par la r\u00e9alisation d\u2019am\u00e9nagements&nbsp;tels que :<\/p>\n\n\n\n<ul class=\"wp-block-list\">\n<li>La cr\u00e9ation de tous types de terrasses (dalle, pav\u00e9, bois trait\u00e9, \u2026)<\/li>\n\n\n\n<li>La pose de tous types de cl\u00f4tures\/portails (acier, alu, bois, \u2026)<\/li>\n\n\n\n<li>L\u2019am\u00e9nagement des all\u00e9es et des cours.<\/li>\n\n\n\n<li>La construction des murets et des bassins.<\/li>\n<\/ul>\n\n\n\n<h1 class=\"wp-block-heading\"><strong>Cl\u00f4ture<\/strong><\/h1>\n\n\n\n<p>PPJ propose une large gamme de cl\u00f4tures, avec tous types de mat\u00e9riaux (pvc, bois, alu, acier\u2026) en fonction de l\u2019environnement et des objectifs du client.<br>Sachez que la cl\u00f4ture est le&nbsp;premier \u00e9l\u00e9ment de d\u00e9coration visible de l\u2019ext\u00e9rieur&nbsp;qui conditionne la premi\u00e8re impression de vos visiteurs.<\/p>\n\n\n\n<p>La cl\u00f4ture est un \u00e9l\u00e9ment indispensable qui marque les limites de la propri\u00e9t\u00e9.&nbsp;Utilitaire ou d\u00e9corative, elle doit \u00eatre aussi agr\u00e9able \u00e0 voir que le site dans lequel elle est plac\u00e9e. Quant \u00e0 la bordure, elle donne du relief et de la profondeur \u00e0 un jardin en allongeant les perspectives, harmonisant les volumes et les couleurs ou marquant les all\u00e9es.<\/p>\n\n\n\n<h1 class=\"wp-block-heading\"><strong>Arrosage automatique<\/strong><\/h1>\n\n\n\n<p>La gestion de l\u2019eau dans le jardin reste un&nbsp;point dominant sur la p\u00e9rennit\u00e9 de vos espaces verts.<\/p>\n\n\n\n<p>L\u2019installation d\u2019un&nbsp;arrosage automatique&nbsp;permet un&nbsp;arrosage r\u00e9gulier&nbsp;de votre jardin et vous fait \u00e9conomiser de l\u2019eau par rapport \u00e0 un&nbsp;arrosage manuel. Le syst\u00e8me apporte la quantit\u00e9 n\u00e9cessaire \u00e0 chaque type de v\u00e9g\u00e9tation (gazon, massifs, jardini\u00e8res, &#8230;).<br>PPJ &nbsp;pose votre syst\u00e8me d\u2019arrosage, en effectuant diff\u00e9rents travaux:<\/p>\n\n\n\n<ul class=\"wp-block-list\">\n<li>L\u2019ouverture et le rebouchage des tranch\u00e9es.<\/li>\n\n\n\n<li>L\u2019installation du syst\u00e8me&nbsp;avec les branchements et les raccordements n\u00e9cessaires.<\/li>\n\n\n\n<li>La&nbsp;mise en eau, le r\u00e9glage des diff\u00e9rents arroseurs.<\/li>\n<\/ul>\n\n\n\n<h1 class=\"wp-block-heading\"><strong>Entretien<\/strong><\/h1>\n\n\n\n<p>Au printemps, tout pousse.&nbsp;Les v\u00e9g\u00e9taux plant\u00e9s ainsi que les mauvaises herbes ind\u00e9sirables, selon une r\u00e8gle simple et universelle : la nature a horreur du vide ! Tonte des gazons, suppression des mauvaises herbes, fleurissement et taille des haies sont notre quotidien.<\/p>\n\n\n\n<p>Pendant l\u2019\u00e9t\u00e9,&nbsp;la pousse des v\u00e9g\u00e9taux se poursuit, mais moins rapidement, car l\u2019\u00e9t\u00e9 est traditionnellement la saison \u00ab chaude \u00bb et s\u00e8che. Le manque d\u2019eau doit \u00eatre compens\u00e9 par un arrosage appropri\u00e9.<\/p>\n\n\n\n<p>L\u2019automne,&nbsp;voit arriver la fin de la p\u00e9riode de v\u00e9g\u00e9tation, ainsi que la chute des feuilles qu\u2019il faudra ramasser. C\u2019est aussi l\u2019occasion de refleurir les jardins, pour illuminer les journ\u00e9es de grisaille.<\/p>\n\n\n\n<p>Pendant l\u2019hiver,&nbsp;la nature se repose, pas les paysagistes. C\u2019est la bonne p\u00e9riode pour pr\u00e9parer le printemps suivant : traitements phytosanitaires, b\u00eachage de massifs et pieds d\u2019arbustes, remplacement de v\u00e9g\u00e9taux morts.<\/p>\n\n\n\n<h1 class=\"wp-block-heading\"><strong>Votre Contrat Entretien Personnalis\u00e9<\/strong><\/h1>\n\n\n\n<p>De beaux espaces verts sont n\u00e9cessairement entretenus tr\u00e8s r\u00e9guli\u00e8rement et de mani\u00e8re appropri\u00e9e. A travers un contrat d\u2019entretien clair et d\u00e9taill\u00e9, la r\u00e9ponse de Paysages Parcs &amp; Jardins est parfaitement adapt\u00e9e \u00e0 cette pr\u00e9occupation.<\/p>\n\n\n\n<p>Nos \u00e9quipes, form\u00e9es aux meilleures techniques de l\u2019entretien, vous proposent les conseils de l\u2019homme de l\u2019art, et vous garantissent des prestations adapt\u00e9es&nbsp;\u00e0 vos espaces verts.<\/p>\n\n\n\n<p>Notre paysagiste, dans son r\u00f4le de \u00ab force de proposition \u00bb, saura d\u00e9finir avec vous :<\/p>\n\n\n\n<p>La solution d\u2019entretien adapt\u00e9e, en fonction de vos attentes en termes de qualit\u00e9.<\/p>\n\n\n\n<p>Les meilleures modalit\u00e9s de votre contrat, ceci dans le respect de votre budget.<\/p>\n\n\n\n<p>Un planning de passages et de prestations, adapt\u00e9 \u00e0 vos exigences et \u00e0 nos engagements.<\/p>\n\n\n\n<p>Les am\u00e9liorations n\u00e9cessaires au maintien et \u00e0 l\u2019embellissement de vos espaces verts.<\/p>\n\n\n\n<p>L\u2019organisation de nos prestations respecte le planning de passages d\u00e9fini au contrat, tout en s\u2019adaptant aux contraintes journali\u00e8res impos\u00e9es par le temps, ainsi qu\u2019\u00e0 vos demandes d\u2019interventions sp\u00e9cifiques.<\/p>\n\n\n\n<h1 class=\"wp-block-heading\"><strong>\u00c9lagage et d\u00e9broussaillage<\/strong><\/h1>\n\n\n\n<p>Notre m\u00e9tier d\u2019\u00e9lagueur r\u00e9pond \u00e0 deux pr\u00e9occupations essentielles des d\u00e9cideurs d\u2019entreprises ou de collectivit\u00e9s :<\/p>\n\n\n\n<p>Entretenir le parc arboricole afin d\u2019en garantir sa beaut\u00e9 et sa p\u00e9rennit\u00e9.<\/p>\n\n\n\n<p>Pr\u00e9server la s\u00e9curit\u00e9 des hommes et des immeubles.<\/p>\n\n\n\n<h2 class=\"wp-block-heading\"><strong>Action pr\u00e9ventive<\/strong><\/h2>\n\n\n\n<p>Paysages Parcs &amp; Jardins se positionne depuis de nombreuses ann\u00e9es comme&nbsp;sp\u00e9cialiste de la taille douce. Cette technique permet de&nbsp;respecter au mieux la morphologie des arbres&nbsp;en r\u00e9duisant leurs formes et leurs volumes. Les interventions pour conserver l\u2019harmonie et la forme&nbsp;de vos arbres se font r\u00e9guli\u00e8rement, hors gel et mouvements de s\u00e8ve. Nos \u00e9quipes interviennent \u00e9galement au-dessus des v\u00e9randas, des toitures et d\u2019une mani\u00e8re g\u00e9n\u00e9rale sur tous les chantiers n\u00e9cessitant la mise en \u0153uvre d\u2019un processus s\u00e9curis\u00e9 et exp\u00e9riment\u00e9.<\/p>\n\n\n\n<p>Les prestations correspondantes :<\/p>\n\n\n\n<ul class=\"wp-block-list\">\n<li>L\u2019\u00e9lagage port libre.<\/li>\n\n\n\n<li>La taille douce : formation, r\u00e9duction, restructuration.<\/li>\n\n\n\n<li>Nous pr\u00e9f\u00e9rons toujours soigner les arbres, lorsque c\u2019est encore possible. Un&nbsp;diagnostic pr\u00e9coce permet souvent d\u2019\u00e9viter l\u2019abattage. Nous proposons&nbsp;:<\/li>\n\n\n\n<li>Un diagnostic de sant\u00e9 et de dangerosit\u00e9.<\/li>\n\n\n\n<li>Le traitement phytosanitaire (traitement des maladies, \u00e9limination des parasites).<\/li>\n<\/ul>\n\n\n\n<h2 class=\"wp-block-heading\"><strong>Action corrective<\/strong><\/h2>\n\n\n\n<p>L\u2019abattage doit \u00eatre&nbsp;votre solution de derni\u00e8re extr\u00e9mit\u00e9. Ne faites appel alors qu\u2019\u00e0 de vrais sp\u00e9cialistes. Les prestations d\u2019\u00e9lagage n\u00e9cessitent, par leur technicit\u00e9, la tr\u00e8s bonne connaissance des v\u00e9g\u00e9taux requise et la prise de risque, l\u2019intervention de techniciens hautement sp\u00e9cialis\u00e9s. Paysages Parcs &amp; Jardins vous propose :<\/p>\n\n\n\n<ul class=\"wp-block-list\">\n<li>L\u2019abattage, d\u00e9montage des arbres dangereux,<\/li>\n\n\n\n<li>L\u2019essouchage,<\/li>\n\n\n\n<li>Le broyage et l\u2019\u00e9vacuation des d\u00e9chets.<\/li>\n<\/ul>\n","protected":false},"excerpt":{"rendered":"<p>Am\u00e9nagement parcs et jardins Des jardins priv\u00e9s en Copropri\u00e9t\u00e9, \u00e0 la cr\u00e9ation de v\u00e9ritables parcs paysagers pour le compte de Villes ou D\u00e9partements, Paysages Parcs et Jardins est devenu un partenaire \u00ab\u00a0espaces verts\u00a0\u00bb incontournable pour les promoteurs immobiliers de Montpellier et ses alentours. Tous\u00a0les plus grands promoteurs nous font confiance et ont reconnu notre expertise<br \/><a class=\"moretag\" href=\"http:\/\/www.ppj34.fr\/index.php\/nos-metiers\/\">+ Read More<\/a><\/p>\n","protected":false},"author":1,"featured_media":0,"parent":0,"menu_order":0,"comment_status":"closed","ping_status":"closed","template":"","meta":{"footnotes":""},"class_list":["post-27","page","type-page","status-publish","hentry"],"aioseo_notices":[],"_links":{"self":[{"href":"http:\/\/www.ppj34.fr\/index.php\/wp-json\/wp\/v2\/pages\/27","targetHints":{"allow":["GET"]}}],"collection":[{"href":"http:\/\/www.ppj34.fr\/index.php\/wp-json\/wp\/v2\/pages"}],"about":[{"href":"http:\/\/www.ppj34.fr\/index.php\/wp-json\/wp\/v2\/types\/page"}],"author":[{"embeddable":true,"href":"http:\/\/www.ppj34.fr\/index.php\/wp-json\/wp\/v2\/users\/1"}],"replies":[{"embeddable":true,"href":"http:\/\/www.ppj34.fr\/index.php\/wp-json\/wp\/v2\/comments?post=27"}],"version-history":[{"count":3,"href":"http:\/\/www.ppj34.fr\/index.php\/wp-json\/wp\/v2\/pages\/27\/revisions"}],"predecessor-version":[{"id":41,"href":"http:\/\/www.ppj34.fr\/index.php\/wp-json\/wp\/v2\/pages\/27\/revisions\/41"}],"wp:attachment":[{"href":"http:\/\/www.ppj34.fr\/index.php\/wp-json\/wp\/v2\/media?parent=27"}],"curies":[{"name":"wp","href":"https:\/\/api.w.org\/{rel}","templated":true}]}}